233
In base 14, what is -8a - -c0?
34
In base 10, what is 1178 - 386?
792
In base 3, what is -11201000 + -112?
-11201112
In base 15, what is b1e - 6b?
aa3
In base 3, what is -111111210 + -1200?
-111120110
In base 5, what is 432 - 341?
41
In base 4, what is 11 + -2212000200?
-2212000123
In base 15, what is -2 - 7b1d9?
-7b1db
In base 16, what is -19 - -f9d4?
f9bb
In base 14, what is 10085 + -6?
1007d
In base 10, what is -264842 - -4?
-264838
In base 7, what is 10 - -52044?
52054
In base 11, what is 4a + 80?
11a
In base 2, what is 11111 - -110101011111?
110101111110
In base 11, what is 80541 - -1?
80542
In base 9, what is -3084 + -40?
-3134
In base 10, what is -30915 - -3?
-30912
In base 8, what is 11 + -1550171?
-1550160
In base 5, what is -122114432 + 2?
-122114430
In base 9, what is 123 - -3845?
4068
In base 3, what is 11121 + 22101?
110222
In base 14, what is -1d + -2b6?
-2d5
In base 14, what is 8 + 561b6?
561c0
In base 6, what is 0 + -13151?
-13151
In base 15, what is 12464 - 4?
12460
In base 16, what is -2f0 + -cd6?
-fc6
In base 8, what is -5261 - -31?
-5230
In base 6, what is -202033 + -3?
-202040
In base 2, what is 0 - 1001110101011111011?
-1001110101011111011
In base 8, what is -2 - -1512520?
1512516
In base 16, what is 46 - 2bf6?
-2bb0
In base 12, what is 2 - -43343a?
433440
In base 10, what is -5 + 7393?
7388
In base 3, what is 1021111 - -2112?
1101000
In base 10, what is 1 + 221991?
221992
In base 7, what is -2331 - -14?
-2314
In base 12, what is 4 + 488553?
488557
In base 12, what is 179 - -b2?
26b
In base 4, what is 232 - -120200?
121032
In base 14, what is 1 - -68902?
68903
In base 8, what is 14030027 - -2?
14030031
In base 9, what is 17188 - -310?
17508
In base 9, what is -566545 + -1?
-566546
In base 16, what is -5 - -3362d?
33628
In base 2, what is 110011000 + -1011?
110001101
In base 6, what is 14 + 23030?
23044
In base 2, what is 100001000001110 + 10010?
100001000100000
In base 9, what is -46566 + 11?
-46555
In base 15, what is 34b78 + -5?
34b73
In base 14, what is -10 - 43a25?
-43a35
In base 11, what is -89756 - 2?
-89758
In base 15, what is -4d + -9e?
-ec
In base 7, what is 625 - 1346?
-421
In base 15, what is -1 + 10abde?
10abdd
In base 12, what is -104 + -10726?
-1082a
In base 9, what is -362387 - -2?
-362385
In base 12, what is -72062 + 4?
-7205a
In base 4, what is -12 + -223000?
-223012
In base 13, what is 8a3c + 64?
8aa3
In base 10, what is 20829 + 1?
20830
In base 13, what is -12aa7 + 104?
-129a3
In base 16, what is 14c - c3?
89
In base 10, what is -38 - -793?
755
In base 6, what is 133 - 10110?
-5533
In base 13, what is -1c89cc - 5?
-1c8a04
In base 8, what is 14256267 - 1?
14256266
In base 8, what is -5 - 11576?
-11603
In base 12, what is 4 + -54b0?
-54a8
In base 15, what is d + 939?
947
In base 14, what is -1c3585 - 5?
-1c358a
In base 2, what is 1000110010101 + -10001?
1000110000100
In base 12, what is 2545b + 5?
25464
In base 10, what is 286 + -1042?
-756
In base 10, what is 5 + -1996?
-1991
In base 14, what is -1190 - -14?
-117a
In base 15, what is 15 + 4ba8?
4bbd
In base 6, what is -120424 + -13?
-120441
In base 11, what is -3922 + -72?
-3994
In base 11, what is 1287 + -82?
1205
In base 2, what is -10100111000111110110011 + -100?
-10100111000111110110111
In base 15, what is 7 + 8c93?
8c9a
In base 7, what is 6642 - -1536?
11511
In base 13, what is c2 + -1627?
-1535
In base 4, what is -20102221 + 311?
-20101310
In base 6, what is -5 + -15321444?
-15321453
In base 6, what is -1 + -2422?
-2423
In base 4, what is 31221312132 + 3?
31221312201
In base 7, what is -54 + -13325?
-13412
In base 4, what is -3 - 221013131?
-221013200
In base 14, what is -4 - -6cdc?
6cd8
In base 10, what is -145 - 7066?
-7211
In base 10, what is -18 - 14807?
-14825
In base 16, what is -3 + -8b88a?
-8b88d
In base 6, what is -2212104 - 20?
-2212124
In base 13, what is -152 + -449?
-59b
In base 2, what is -10000010101 + 10110?
-1111111111
In base 3, what is 10110001 + 1010?
10111011
In base 13, what is -60b5 - -7?
-60ab
In base 7, what is -260530 + -4?
-260534
In base 11, what is 187 - 11471?
-11295
In base 9, what is 4826 + 516?
5443
In base 3, what is 12120010 + 120?
12120200
In base 6, what is 5 - 42542?
-42533
In base 2, what is 1101001001101 + 11?
1101001010000
In base 15, what is -2 - 195a?
-195c
In base 13, what is 481 + 9?
48a
In base 14, what is 265 - -309?
570
In base 12, what is -31713 + 4?
-3170b
In base 7, what is -2055 - 351?
-2436
In base 8, what is -2 + -122665?
-122667
In base 14, what is -525ad + 0?
-525ad
In base 13, what is 21 - -3185?
31a6
In base 13, what is -14996 + -5?
-1499b
In base 5, what is -4101230 - 2?
-4101232
In base 4, what is 3321213202 + -2?
3321213200
In base 16, what is 252 + -3c7?
-175
In base 10, what is 103135 - 21?
103114
In base 9, what is -2272 + -11?
-2283
In base 14, what is 105c26 + 0?
105c26
In base 12, what is -127b2 - -2?
-127b0
In base 12, what is 15 + 864?
879
In base 7, what is -1416 + 5?
-1411
In base 8, what is -364401 - -1?
-364400
In base 6, what is -5 - -203034?
203025
In base 7, what is 1561 + 2001?
3562
In base 14, what is 1102 + 27?
1129
In base 3, what is -1022 - -2121110?
2120011
In base 14, what is 58 + -78?
-20
In base 2, what is 101 + 1000111101100111100?
1000111101101000001
In base 14, what is 47 + 578?
5c1
In base 4, what is -312 - 12333121?
-13000033
In base 2, what is 1111110000110011 - -1000?
1111110000111011
In base 8, what is -7 - 27316?
-27325
In base 2, what is -111101 + 1010100100?
1001100111
In base 7, what is 5 - 33436?
-33431
In base 9, what is 1441 + 103?
1544
In base 15, what is -5 + 37e1?
37db
In base 14, what is -481 - -3?
-47c
In base 3, what is -121210 - -221022?
22112
In base 6, what is -12014 - 20?
-12034
In base 13, what is 7 + -4285a?
-42853
In base 15, what is 6e325 - 4?
6e321
In base 13, what is 6 + -1b8b75?
-1b8b6c
In base 7, what is -2 - 61322?
-61324
In base 16, what is 3 - -4c3a?
4c3d
In base 2, what is -10 - -1010110111000100?
1010110111000010
In base 14, what is 0 - -3a337?
3a337
In base 10, what is 96428 - -1?
96429
In base 12, what is 5 - -1335ba?
133603
In base 2, what is 100 + 110001111110100100?
110001111110101000
In base 5, what is 202224 - -11?
202240
In base 7, what is 2 - 12054?
-12052
In base 16, what is -3 - 24766?
-24769
In base 7, what is -1036526 + 2?
-1036524
In base 6, what is -2 + -1415330?
-1415332
In base 11, what is 76 - 34990?
-34915
In base 15, what is 5d - -1436?
1494
In base 2, what is 11101000111011110011 - -10?
11101000111011110101
In base 3, what is -11 - 211211021?
-211211102
In base 14, what is a6 + -4d6?
-430
In base 7, what is -1601461 + 2?
-1601456
In base 7, what is -1501433 - -1?
-1501432
In base 15, what is 0 + -82e0?
-82e0
In base 16, what is 1 + -73f?
-73e
In base 7, what is -160240 + -1?
-160241
In base 11, what is 98454 + 4?
98458
In base 7, what is 1110151 + -54?
1110064
In base 3, what is 1010000222211 - 10?
1010000222201
In base 9, what is 4247 + 6?
4254
In base 14, what is 3b3537 - 2?
3b3535
In base 14, what is 41 - 3424?
-33c3
In base 11, what is 988a32 - 1?
988a31
In base 4, what is -1302 + 10333?
3031
In base 8, what is -44 + -1111?
-1155
In base 13, what is 1732 + -2a2?
1460
In base 10, what is 102741 - 0?
102741
In base 7, what is -1251 - -626?
-322
In base 6, what is -5 - -13214054?
13214045
In base 2, what is 11101010101 - -1101010?
11110111111
In base 7, what is -112 - -46643?
46531
In base 9, what is 76246 - -24?
76271
In base 2, what is 11110010100 - 1100110?
11100101110
In base 4, what is -313201222 - -10?
-313201212
In base 5, what is -30134 + 1044?
-24040
In base 7, what is -5251112 + 4?
-5251105
In base 16, what is 423d9 + -2?
423d7
In base 14, what is -6 - -30ab4?
30aac
In base 2, what is 1111 - -10000000111111?
10000001001110
In base 15, what is 81d - 6c7?
146
In base 13, what is -19 - -b353?
b337
In base 6, what is -10255 - -3004?
-3251
In base 9, what is -1736543 + -3?
-1736546
In base 16, what is 2 + -45905?
-45903
In base 15, what is 0 - -2388c?
2388c
In base 2, what is -1100100 - 11001011100?
-11011000000
In base 14, what is 2052a - -1?
2052b
In base 5, what is -1432040 + -33?
-1432123
In base 12, what is 1 - -102179?
10217a
In base 3, what is -12 + 100221201002?
100221200220
In base 4